ose 4*u + 50 = 3*a, -v*a - u = -1 - 24. Calculate the remainder when a is divided by 4.
2
Suppose 0 = g - 4*v - 193, -3*v - 1 - 14 = 0. Let a = 333 - 249. Calculate the remainder when g is divided by a.
5
Let q(p) = -p**2 - 12*p - 12. Let z be q(-6). Suppose f + 108 + z = 4*r, 248 = -2*f + 4*r. Let n = f + 210. Calculate the remainder when n is divided by 25.
19
Suppose -168 = -f - 3*f - 4*z, -f + 17 = -4*z. Suppose -l - 22 = -h, -3*h = -5*l + 42 - 114. What is the remainder when f is divided by h?
18
Let g(h) = 75*h**2 - 56*h + 23. Calculate the remainder when 1598 is divided by g(3).
8
Calculate the remainder when 10/6 + -6457*(-17)/51 is divided by 22.
20
Suppose -o + 60 = 3*o. Suppose -24*b + 105 + 15 = 0. Calculate the remainder when o is divided by b.
0
Suppose -22*w + 21794 + 25134 = 16678. What is the remainder when w is divided by 367?
274
Let f(m) = m**3 - m**2 - 2*m + 360. Let k be f(0). Let q = k - 204. Suppose 3*g + q = 9*g. Calculate the remainder when 101 is divided by g.
23
Let t(c) = 4*c**2 - c - 5. Suppose 0 = -5*m - 2*g - 3, -m - 9 = -6*m + g. Let r be (m + 2)*20/(-30). What is the remainder when 142 is divided by t(r)?
12
Let j(o) = 2*o**3 + 11*o**2 + 45*o + 245. Calculate the remainder when 396 is divided by j(-5).
36
Let b = -559 + 591. Let z be (-36)/2*55/(-10). Let d = -5 + z. Calculate the remainder when d is divided by b.
30
What is the remainder when 108/24*((-54)/(-135) - (-4678)/5) is divided by 841?
7
Let r = 377 + -2153. Calculate the remainder when (-2)/(-10) + r/(-20) is divided by 32.
25
Suppose -5*a = -3 - 2. Let l = 10 + -6. Calculate the remainder when 0 + a - (40 + -65) is divided by l.
2
Suppose 0 = 2*x - p - 19, 5*x - 2*p = 3*x + 14. Suppose -18*q - 5*i = -13*q - 255, -q + 47 = 3*i. Let c = 72 - q. What is the remainder when c is divided by x?
7
Suppose x - 73 = 49. Suppose 0 = i - 27 + 30, 4*r + 5*i - 441 = 0. Let v = x - r. What is the remainder when 134 is divided by v?
6
Let c = -32 + 26. Let o be (-2)/c + (-88)/(-24). Suppose -43 = o*f - 179. What is the remainder when f is divided by 18?
16
Let v be ((-2)/5)/(2/10). Let q(i) = i**3 + 2*i**2 - 2*i - 3. Let t = -2050 + 2057. What is the remainder when t is divided by q(v)?
0
Let y(q) = 159*q + 854. Calculate the remainder when y(-4) is divided by 16.
10
Let i = -35 + 39. Suppose i*m - 23 = 5*h - 10*h, -17 = -5*h - m. Calculate the remainder when (-2)/(-3) + 10/h*58 is divided by 28.
26
Let k = -4226 - -4294. What is the remainder when 717 is divided by k?
37
Suppose 3*m - 370 = -2*q + 636, 5*m - 1678 = -4*q. Let n = 347 - m. Calculate the remainder when 88 is divided by n.
10
Let f(x) = -x + 6. Suppose 30 + 45 = 15*i. Suppose i*g = 2*b - 20, -2*g - 3*b - 37 = 2*b. Calculate the remainder when 117 is divided by f(g).
9
Let o = 15708 - 15620. What is the remainder when o is divided by (-20)/(-5) + (15 - 1)?
16
Let d = -72 - -90. Suppose 2*s + 2*c = -121 - 103, -s - 2*c = 110. Let k = 163 + s. What is the remainder when k is divided by d?
13
Let b = -61 - -64. Suppose 4*m + b*f + 36 = 0, 5*f + 22 = -5*m - 28. What is the remainder when 32*(-3)/m - -2 is divided by 4?
2
Calculate the remainder when -2 + 8 - (-2429 + 2169) is divided by ((-68)/6)/((-1)/3).
28
What is the remainder when 498/913 + 3/(132/43184) is divided by 141?
136
Let o = -45 - 231. Let q = -181 - o. Calculate the remainder when q is divided by 20.
15
Let b(v) = 6*v - 1. Let r be b(1). Suppose 2*x + 120 = r*x. Let p(s) = -69*s + 3096. Calculate the remainder when p(42) is divided by x.
38
Let u be -43*1*(0 - -1). Suppose 346 = 13*s - 317. Let n = s + u. Calculate the remainder when 27 is divided by n.
3
Calculate the remainder when (-16)/(-56) + (-42400)/(-70) is divided by 148.
14
Suppose 232 - 310 = -3*c. Suppose 2*d - 8 = -0*d. Suppose 3*y = -d*i + 63, 3*y + c = 4*i - 31. Calculate the remainder when 41 is divided by i.
11
Let k(j) = 4*j - 1. Let c be k(13). Suppose -r = -21*r + 60. Suppose 42 = r*q - c. Calculate the remainder when 92 is divided by q.
30
Suppose 14*p - 16*p + 6 = 0. Suppose -626 = -t - t - 2*u, -967 = -p*t + 4*u. Calculate the remainder when t is divided by 18.
11
Suppose 77*m = 74*m. Suppose 19*i - 767 - 3166 = m. Calculate the remainder when i is divided by 42.
39
Let z(f) = -17*f - 11. Let w be z(-3). Let d = w - 21. Suppose -5*q = -7 - 13, 3*o + 2*q = 221. What is the remainder when o is divided by d?
14
Let x(z) = z**2 + 11*z - 8. Let n be 15/(-2 - -1) + (-3)/(-1). Let j be x(n). What is the remainder when 166 is divided by -1*(-2 - (30 - j))?
26
Let v = -384 + 393. Let r(i) = 4*i**2 - 30*i - 16. What is the remainder when 83 is divided by r(v)?
7
Suppose 3*i - 4*g - 181 - 768 = 0, 10 = 2*g. Calculate the remainder when 973 is divided by i.
4
Let u = 222 + -216. Suppose -j - u + 38 = 0. Calculate the remainder when 93 is divided by j.
29
Let j(n) = -n**3 + 10*n**2 - 61. What is the remainder when 359 is divided by j(7)?
15
Let a = -93 + 142. What is the remainder when (-8)/(56/a) + 16 is divided by 2?
1
Suppose 2*s - 4*q - 124 = 0, -4*s - 5*q + 173 = -36. What is the remainder when 393 is divided by s?
1
Suppose -267 = -5*d + 298. Suppose -57 = 29*p - 30*p. Calculate the remainder when d is divided by p.
56
Suppose 5*b - 64 = 4*b. Let w = b + -108. Calculate the remainder when (-11)/(w/(-80))*-1 is divided by 11.
9
Suppose 78 = 46*n - 60. Calculate the remainder when 13 is divided by (186/(-18) - -3)/((-2)/n).
2
Let g(u) = -398*u - 6706. What is the remainder when 27719 is divided by g(-17)?
59
Suppose -40984 = -17*v - 11353. What is the remainder when v is divided by 176?
159
Suppose -5*i - 20 + 10 = 0. What is the remainder when (-1)/((-44)/(-46) + -1) is divided by ((-14)/(-35))/(i/(-130)*2)?
10
Let t(y) = y**3 + 120*y**2 + 347*y + 225. Calculate the remainder when t(-117) is divided by 37.
27
Let w(l) = 12*l + 7. Let d be w(6). Suppose 4*i - 4*h - 77 = d, -20 = 4*h. Suppose 48 = i*u - 32*u. What is the remainder when 95 is divided by u?
23
Let r = -221 - -223. Suppose -1377 = r*v - 19*v. What is the remainder when v is divided by 28?
25
Let d = 75 + 33. Let o = -75 + d. What is the remainder when o is divided by 5?
3
Let x(v) = 3*v**3 - 2*v**2 - 23*v + 54. What is the remainder when 236 is divided by x(2)?
20
Suppose 6*c - 4*c = 736. Suppose 15*s - 7*s - c = 0. Calculate the remainder when s - (2 + -5 - -2)*1 is divided by 24.
23
Suppose -3*z = -4*i - 19, -18 = 2*z + 6*i - i. What is the remainder when 1 - z/(2*(-5)/530) is divided by 19?
16
Let a(g) = 3*g**2 + 113*g + 1163. Calculate the remainder when 728 is divided by a(-11).
162
Suppose 59*o + 17880 = 65*o + 24*o. What is the remainder when o is divided by 28?
8
Let t(z) = -z**3 + 4*z**2 - z + 16. What is the remainder when 252 is divided by t(0)?
12
Let n(w) = -5 - 12*w - 6 - 46*w. Let r(b) = 28*b - 1. What is the remainder when n(-2) is divided by r(1)?
24
Let v(f) = -21*f - 50. Let j(m) = 12*m + 25. Let u(g) = -5*j(g) - 3*v(g). Calculate the remainder when 81 is divided by u(7).
35
Suppose 116*x + 256*x - 1553497 = -474325. Calculate the remainder when x is divided by 241.
9
Let o(c) = 8*c - 121. Let g be o(19). Suppose g*l - 35*l + 28 = 0. Calculate the remainder when l is divided by 4.
3
Calculate the remainder when 414 is divided by (-132)/10*(1600/(-48) + 15) - -3.
169
Let n = -13665 - -13710. Suppose 532 = -0*k + 2*k. What is the remainder when k is divided by n?
41
Suppose -4*m - g = -682, -1111*m = -1108*m - g - 501. Calculate the remainder when 298 is divided by m.
129
Let j = 22 + 56. Suppose j = -4*q + 310. What is the remainder when q is divided by 32?
26
Suppose -i + 2*t + 61 = 29, -5*i + 2*t + 136 = 0. What is the remainder when 100 is divided by i?
22
Suppose 0 = 48*r + 22*r - 105210. Calculate the remainder when r is divided by 43.
41
Suppose -5*d + 2*p = -18, -21*d + 4*p = -23*d - 12. What is the remainder when (-48)/(-32) - d*302/(-8) is divided by 25 + 0 + 1 + 1?
23
Let q(f) = f**3 + 24*f**2 + 8*f - 15. Let t be q(-23). Suppose -5*z = 5*v - t, 2*z + 3*z = -4*v + 329. Calculate the remainder when z is divided by 25.
15
Suppose -4344 = -11*h + 815. What is the remainder when h + 4/2 - 93/(-31) is divided by 4?
2
Let k = -25 + 36. Let w(x) = -811*x + 33254. What is the remainder wh